 0*k = -k + 5. Suppose -4*w - j + 1 = 5, 5*w - j = -k. What is the units digit of 3 + 6 - (w + 2)?
8
Suppose -v = 3*v - 4, -3*w + 11 = -v. Suppose 0 = -w*a - 0*a + 32. What is the units digit of a?
8
Let k = 6 + 0. Suppose -3*m - 24 = -k. Let p(j) = -2*j - 6. What is the units digit of p(m)?
6
Let n = 92 - 21. Let t = -46 + n. What is the tens digit of t?
2
Let w = 7 - 11. Let i(d) = -d - 7 + 3 + 4. What is the units digit of i(w)?
4
Let v = 18 - 13. Suppose -v*l + 39 = h, -4*l + 0*h + 35 = -3*h. What is the units digit of 45/12 - (-2)/l?
4
Suppose v - 5*i = 16, 5*i - 8*i - 6 = 3*v. Suppose 4*s = 4*k, -3*s - 25 = -8*s. Let p = v + k. What is the units digit of p?
6
Let s(t) = -t**2 + 8*t + 4. Let z be s(8). Suppose 0 = -z*d + 8. What is the units digit of d?
2
Let h(d) = -3*d - 10. Let z be h(-5). Suppose -145 - 15 = -z*p. What is the tens digit of p?
3
Suppose -a + 5*g - 20 = 0, 5*a - 2*g - 35 = -4*g. Let y = 10 - a. Suppose 0 = -y*o + 27 - 7. What is the units digit of o?
4
Suppose -17 = -3*r - 2. Suppose 6*x - r*x = -2*c - 2, 5*x = 3*c + 55. What is the units digit of x?
8
Suppose 0 = 2*x - 3*y + 11, 4*x + 5 + 7 = 4*y. Suppose 5*n - x*n = 102. What is the units digit of n?
4
Let q = 88 + -14. What is the units digit of q?
4
What is the units digit of 28/(8/(-4)*-1)?
4
Suppose 5*n - 740 = -5*v, 4*n = -v - 93 + 256. Suppose -23 = 5*j - v. What is the units digit of j?
4
Suppose -10*y + 9*y + 60 = 0. What is the units digit of y?
0
Suppose 0*m - 6 = -3*m. Let x(t) = t**2 - 3*t - 1. Let j be x(4). Suppose m*u = -j*u + 40. What is the units digit of u?
8
Suppose 0*w + 145 = 5*w. What is the units digit of w?
9
Suppose -5*o + h = 18, -4*h = -5*o + 4*o + 4. Let z be 10/o*8/(-10). Let c = 10 - z. What is the units digit of c?
8
Let l = 46 + -29. What is the tens digit of l?
1
What is the units digit of 0 - (0 - 4) - -4?
8
Let z be 2/(-1) + 2/1. What is the tens digit of (z - (-33)/3)*1?
1
Let a = -24 + 40. Let u = 25 - a. Suppose -u*q - 4*h = -4*q, h + 13 = 2*q. What is the units digit of q?
4
Let l(i) = -6*i**2 - 2*i + 1. Let u be l(1). Let k = u - -16. What is the units digit of k?
9
Suppose i - 3*g + 16 = 0, 0 = -3*i - 0*g + g - 16. Let n be i/((2 - 0)/2). What is the units digit of 1*(-2)/(2 + n)?
1
Let p be (0 - (-1 + 1))/2. What is the units digit of 5*(p - 24/(-15))?
8
Suppose 161 = m + 3*m + 3*z, 5*z - 200 = -5*m. What is the tens digit of m?
4
Suppose 0 = 13*j - 8*j - 15. Suppose 2*h + 7*o - 16 = 4*o, -j*o = -4*h + 50. What is the tens digit of h?
1
Suppose 0*s - 4*s + 69 = 5*g, 3*g + 5*s - 44 = 0. Suppose 2*m + 1 = g. What is the units digit of m?
6
Let w(d) be the first derivative of d**3/3 + d**2/2 + 8*d + 1. Let k(r) = -r**2 - r - 7. Let q(v) = -7*k(v) - 6*w(v). What is the units digit of q(-3)?
7
Suppose -3*r = 5*v - 103, r + v = 5*v + 23. What is the units digit of r?
1
Suppose 0 = 2*w - 0*w - 3*g - 3, -w = 4*g + 4. What is the tens digit of 3/1*(5 - w)?
1
Suppose 0 = -10*i + 9*i + 21. What is the tens digit of i?
2
Suppose -2*p - 3*p + 4*a = 2, 0 = -4*p - 4*a + 20. Let g(t) = 8*t**2 + t**3 + 0 + p + 0*t**3. What is the units digit of g(-8)?
2
Let x(n) = -n**2 - n. Let v(t) = 2*t**2 + 10*t + 5. Let q(s) = -v(s) - 3*x(s). What is the units digit of q(8)?
3
Let q be (-18)/(-5) + (-10)/(-25). Let n = -2 + q. What is the units digit of n?
2
Let x(o) be the second derivative of o**5/20 - o**4/6 + o**3/3 - o**2 + 3*o. Let g be x(2). What is the tens digit of 9/2*2*g?
1
Let c be 2/(-4)*(-176)/4. Let l = c + -1. What is the tens digit of l?
2
Let k(x) = x**2 - 3*x + 12. Let c be k(5). What is the units digit of c*(1 - 0) + -2?
0
Let b be ((-140)/50)/((-2)/(-10)). Let q = 23 + b. What is the units digit of q?
9
Let x be (-2)/5 - 13244/(-110). Suppose d = -4*d + x. What is the tens digit of d?
2
Let h be 6/8 + (-10)/(-8). Let i(q) = 3*q + q**3 - 10 + 8*q**2 + h + 2*q. What is the units digit of i(-7)?
6
Let f = 0 - 15. Let l be (1 - 0)*3 - 12. Let d = l - f. What is the units digit of d?
6
Suppose 36 = 4*x + 5*k - 43, -5*x + 5*k + 110 = 0. What is the tens digit of x?
2
Let v = -14 - -15. Suppose -2*p - 2 = 0, -j = p - 30 + v. What is the units digit of j?
0
Let a = 64 + -25. What is the tens digit of a?
3
Let p be 8 + 1 + 2*-2. Suppose 5*n + p = 4*n. Let r = n + 21. What is the units digit of r?
6
Let k(l) = -5 - 3*l - 10 - 3*l - 6. What is the units digit of k(-10)?
9
Suppose -10 + 1 = -3*q. What is the tens digit of 3/(-1) + 57/q?
1
Suppose 1 = -z + 97. What is the units digit of z?
6
Let m(w) = -w**2 + 9*w - 10. Let l be m(7). Suppose -l*v + 92 + 4 = 0. What is the tens digit of v?
2
Suppose r - 1 = -4. Let b(t) = t - 1. Let y be b(5). Let g = r + y. What is the units digit of g?
1
Let y be -9*((-2 - -3) + -2). Suppose 0 = -5*v - 4*t + 15, -34 + y = 5*t. What is the units digit of v?
7
Suppose c - 3 = -0*c. Suppose 4*b = -2*h + 28, -13 - 8 = -c*b + 4*h. What is the units digit of b?
7
Let i(s) = -s**3 - 2*s**2 - 12. What is the units digit of i(-5)?
3
Suppose -4*l + 80 = -n + 5*n, l - 45 = -2*n. Suppose 0 = 4*s - 27 - n. What is the units digit of s?
3
Let t(d) = d**2 - d - 1. Suppose -k = o - 5, 3*o - 3 - 6 = -k. Let h be t(k). Let x = -4 + h. What is the units digit of x?
1
Let x(f) = f**3 + f - 1. Let h be x(1). Suppose -3*m + 2*m + 6 = 0. What is the units digit of (h - (-9)/m)*2?
5
Let a(d) = d**2 + 5*d + 5. Let l be 5/20 + 51/(-12). What is the units digit of a(l)?
1
Suppose -35 = 2*n + 47. Let k = 85 + n. Suppose -o + 5*o = k. What is the units digit of o?
1
Let l = 41 - 27. What is the tens digit of l?
1
Suppose q = 86 - 6. What is the units digit of q?
0
Let g(t) = t**2 + 10*t + 13. Suppose 5 = -p + 3, -2*x = -4*p + 10. Let q be g(x). Suppose v - q*v + 30 = 4*n, -4*v = n - 14. What is the units digit of n?
6
Let d = 294 + -170. What is the tens digit of d?
2
Suppose 4 = -p + 6. Let b be p + (-2)/((-4)/6). Suppose 0 = -b*h - 4 + 14. What is the units digit of h?
2
Let w(y) = -y**2 + 12*y + 21. What is the units digit of w(13)?
8
Let r = -19 - -37. What is the units digit of r?
8
Let g = 63 - 31. What is the tens digit of g?
3
Suppose -10*k = 6*k - 1936. What is the units digit of k?
1
Let k = -66 + 127. Let g = -30 + k. What is the units digit of g?
1
Let l(r) = -r**3 - r**2 - r - 1. Let t(k) = 4*k**3 + 4*k**2 + 4*k - 3. Let b(q) = -5*l(q) - t(q). Let z be 1 + 0 + -1 + 0. What is the units digit of b(z)?
8
Let m = 5 + -6. What is the units digit of (m - 38)*4/(-6)?
6
Let i be 0 - 3 - 18/(-3). Suppose 2*t - i*c - 29 = -2*t, -c - 18 = -3*t. Suppose -t*v + 2*j + 2*j + 73 = 0, 4*v = 2*j + 62. What is the units digit of v?
7
Let b = -5 - -7. Suppose -50 = -3*c + 3*v + b*v, c + 2*v - 13 = 0. What is the tens digit of c?
1
Let c(g) = -g**3 + 8*g**2 + 6*g + 8. What is the units digit of c(8)?
6
Let j = 3 + -26. What is the tens digit of 3/1*j/(-3)?
2
Let n = -11 - -12. What is the tens digit of n + (-132)/(-4) + 1?
3
Suppose -t - 31 = -108. Suppose l - 23 = -0*u - u, 3*u = -5*l + t. What is the units digit of u?
9
Suppose -1 = 4*w - 5, -4*w + 4 = x. Let g(d) = -d**2 - 6*d - 1. Let j be g(-5). Suppose 4*o + 2*h + 4 = x, -j*o - 6 = -2*o + 2*h. What is the units digit of o?
1
Let l = -437 + 666. What is the hundreds digit of l?
2
Let g(s) = -5*s - 38. Let c(l) = -l + 39. Let a(r) = -r + 26. Let j(q) = -7*a(q) + 5*c(q). Let k(u) = 4*g(u) + 11*j(u). What is the units digit of k(7)?
5
Suppose 4*i = -i + 25. Let c = i - 4. What is the units digit of (0 - (-11)/c)/1?
1
Let w(q) = -1 + 2*q**3 + 2 - q - 3*q**3 - 5*q**2. Let l be w(-2). Let y = l + 17. What is the units digit of y?
8
Suppose -3*h + 6*h = 6. Suppose -r = 3*r + 20, -h*g + 25 = -5*r. What is the units digit of g - (1*12)/(-2)?
6
Suppose -3*a = 6, -3*h + 5*a - 12 = -5*h. What is the tens digit of h?
1
Let p(o) = 4*o**2 - 10*o - 2. Let s(w) = w**2 - 7*w + 1. Let q(y) = y. Let l(r) = -6*q(r) - s(r). Let z(c) = 3*l(c) + p(c). What is the units digit of z(8)?
3
Suppose 4*i + 59 = 2*w - 45, -3*i - 5*w - 78 = 0. Let q = 60 + -16. Let z = i + q. What is the units digit of z?
8
Let q = 3 + -3. Suppose t + 6 - 13 = q. Suppose 2*w + 60 = t*w. What is the units digit of w?
2
Let l(p) = -3*p + 44. What is the tens digit of l(10)?
1
Suppose 4*l - 11 = 5. Let a be l/22 - 114/22. Let w = 0 - a. Wh